 n(u) = -7*u - 6. What is the tens digit of n(-6)?
3
Let j(x) = 2*x**2 - 4. What is the units digit of j(7)?
4
Let j be (-2 + 4/(-12))*-3. Let x(w) = w**2 - 6*w - 5. What is the units digit of x(j)?
2
Suppose 3*j - 214 - 29 = 0. What is the tens digit of j?
8
Suppose 0 = -5*m + 4*u - 18, 3*u - 16 = 5*m - 0*m. Let s(k) be the second derivative of k**5/20 + k**4/2 + k**3/3 - k**2 + 2*k. What is the tens digit of s(m)?
1
Let y be (-20)/(-8)*(-44)/(-10). Suppose -3*b - 5*x + y = 0, 3*x + 37 = 5*b + 2*x. What is the units digit of b?
7
What is the hundreds digit of 6/(-14) - (-20202)/147?
1
Let v(h) be the third derivative of -h**6/120 - h**5/12 - h**4/8 - 7*h**3/6 - 2*h**2. Suppose -5*q + 9 = 34. What is the units digit of v(q)?
8
Let y(p) = 15*p**3 + 2*p**2 - 10*p + 4. What is the hundreds digit of y(2)?
1
Let k(t) = 3*t. Let r be (-6)/(-9)*6/4. What is the units digit of k(r)?
3
Suppose 6 = -0*r + r. Suppose r*w - 3*w - 75 = 0. Suppose 5*v - 85 = -w. What is the units digit of v?
2
Let m(g) = -g + 4. Let n be m(-6). Suppose 5*u + 2*o = n, 4*u + o - 13 = -5. Let a = 4 - u. What is the units digit of a?
2
Let g(x) = 3*x**2 + 15*x - 12. Let j(y) be the first derivative of 4*y**3/3 + 8*y**2 - 13*y + 2. Let m(r) = 5*g(r) - 4*j(r). What is the units digit of m(8)?
6
Let n(k) be the third derivative of -k**6/120 + 7*k**5/60 - k**4/4 + 4*k**3/3 + k**2. Let c = 6 + 0. What is the units digit of n(c)?
8
Let x(y) = 21*y - 15. What is the units digit of x(4)?
9
Let n = 12 - 7. Suppose 0 = i - 5*h + 2, 2*i + i + n*h = -6. Let b(d) = -d**3 + 2*d**2 + 2*d + 3. What is the units digit of b(i)?
5
Suppose 3*m - 382 = -3*p + 62, 0 = p + 4*m - 145. What is the units digit of p?
9
Let t(j) = -j**3 + 7*j**2 - 3*j - 2. Let w be t(6). Suppose -2*c - 5*m - 35 = 3*c, 3*c + 5*m + 15 = 0. Let b = w + c. What is the units digit of b?
6
Let s(h) = 5*h**2. What is the tens digit of s(3)?
4
Suppose 8*l - 77 = 1243. What is the units digit of l?
5
Let s be -1 + (-8)/((-2)/(-1)). Let u = 8 + s. Suppose -2*l + 20 = u*x, -6*x = -x - 4*l - 70. What is the tens digit of x?
1
What is the tens digit of 4 - 1*40/(-4)?
1
Suppose -n + 5*a + 19 = 0, 4*n - 3*n + a - 1 = 0. What is the units digit of (-6 + n)*82/(-4)?
1
Let t(g) = -2*g - 2. Let p be t(-3). Let d(y) = 17*y - 3. Let f be d(3). Suppose -f - p = -3*k - 2*s, k + 4*s = 14. What is the units digit of k?
8
Let u(x) be the first derivative of -6*x + 7*x - 2 - x**2 + 0. What is the units digit of u(-6)?
3
Let x(p) = -p**3 + p + 2. Suppose 0 = -r - f + 2*f + 2, 12 = -3*f. What is the units digit of x(r)?
8
Let c = -12 - -9. What is the units digit of (2/(-4))/(c/48)?
8
Suppose 6*u = 62 + 4. What is the tens digit of u?
1
Let q = 25 - 13. Let n = q + 5. What is the units digit of n?
7
Suppose 4*j = -2*m + 74, 0*m - m - 4*j + 45 = 0. Suppose 3*u - m = -3*v + 2*u, -v + 2*u = 2. What is the units digit of v?
8
Suppose -7*p + 3289 = 6*p. What is the tens digit of p?
5
Suppose -5*i + i = -112. Let k(x) = x**3 - 4*x**2 - 3*x - 5. Let s be k(5). Suppose -5*b + 2*b + 21 = 3*f, 4*b - i = -s*f. What is the units digit of b?
7
Let n(t) = -3*t + 12*t**2 + 41*t**2 - 12*t**2 - 2. What is the tens digit of n(-1)?
4
Let p(b) = -5*b**3 - b - 2. Let h(v) = 2*v. Let q be h(-1). What is the units digit of p(q)?
0
Let n = -10 + 9. Let r(q) = 7*q**2 - q - 1. What is the units digit of r(n)?
7
Let q be -1*(-1 - 4)*-1. What is the units digit of 3/q - 576/(-60)?
9
Let s(n) = 2*n**2 - 3*n + 2. Let a be s(2). What is the units digit of (-6 - 2)*(-2)/a?
4
Let s(c) = -c**3 + 8*c**2 + 3*c - 4. Let l be s(8). Let j = l + -10. What is the units digit of j?
0
Let m(q) be the second derivative of q**4/4 + q**2 + 5*q. What is the units digit of m(2)?
4
Let z(l) = -l**2 - 8*l - 10. Let n be z(-7). Let k = n - -4. Suppose -2 = -3*q + k. What is the units digit of q?
1
Suppose -3*t + t + 258 = 3*m, -4*m + 3*t + 361 = 0. What is the units digit of m?
8
Let m(x) = -x + 1. Suppose -2*w - w = 0. What is the units digit of m(w)?
1
Let d be 1 + 3 + 3/(-3). Suppose 3*p = -5*z - 7, -2*p - 3*p - 4*z = d. What is the units digit of p?
1
Suppose 4*p + s = 23, s - 17 = -3*p - 0*s. Let q = -3 + p. Suppose -o = -q - 1. What is the units digit of o?
4
Suppose -5*t + 444 = 4*o, -4*t + 38 = 2*o - 190. What is the units digit of o?
6
Let f(s) = -s**2 + 10*s - 4. Let p be f(8). Let l = p + 0. What is the units digit of l?
2
Let y be 4/10 + 3/5. Let k be 0*-1*(y - 0). Suppose -6 = 3*h, 0 = -2*x - k*h - h. What is the units digit of x?
1
Let j(d) = 2*d**2 - 7*d - 10. What is the units digit of j(7)?
9
Let i(m) = m**2 - 8*m + 6. Let l be i(7). Let k(c) = 2*c**2 + c + 1. Let s be k(l). Suppose 3 = -s*d + 3*d. What is the units digit of d?
3
Suppose g = -3*g + 24. What is the units digit of (-2)/(-3)*63/g?
7
What is the tens digit of (111/12)/((-3)/(-12))?
3
Let m(o) = -49*o - 75. What is the tens digit of m(-7)?
6
Let f = 22 + 13. What is the units digit of f?
5
Let y = 35 - -26. What is the tens digit of y?
6
Let w(c) = -3 - 3*c**2 - 4*c - c**3 + 11*c**2 - 2*c. Let l be w(7). Suppose l*x + 23 = q, 0 = 5*q - 4*x - 21 - 14. What is the units digit of q?
3
Let a(l) = l**3 + 6*l**2 + 4*l. Let w be a(-5). Suppose 4*t + 24 = w*t. What is the tens digit of t?
2
What is the units digit of (-2)/(44/(-642)) - (-2)/(-11)?
9
Let s = 3 - 2. Let l = s + 2. Let n = 5 + l. What is the units digit of n?
8
Suppose 4 = -2*r, -r + 32 = 2*o - 0. What is the units digit of o?
7
Suppose 78 = 18*a - 15*a. What is the tens digit of a?
2
Let o(n) be the first derivative of -n**2 + 12*n + 3. Let c be o(-9). What is the units digit of (-64)/(-6) + (-20)/c?
0
Suppose -4*k = -3*s + 37, 3*s + 4*k = k + 9. Let n = -4 + s. Suppose n*h - 2*m = -3, -2*m + 4 = -0*h - 2*h. What is the units digit of h?
1
Suppose -2*d + 4*d = 22. Suppose b - 10 = 3*u, -b - 4*u = -0*u + d. Let k = 3 - b. What is the units digit of k?
2
Suppose 42 = 3*f - 9. Suppose -k = r - f, k + 5*r + 86 = 5*k. What is the tens digit of k?
1
Suppose 0*m - 4*m = -3*v + 6, -v - 3*m = -2. Suppose -q + 17 = i, -3*i = -0*i + v*q - 56. What is the tens digit of i?
2
What is the units digit of 24*-1*(-1)/3?
8
Let d be 2/(-2)*(-3 - 16). Let k = 2 + d. What is the units digit of k?
1
Let b = 1 - -52. What is the tens digit of b?
5
Suppose 13 = 2*h + 1. Let o(k) = k - 3. What is the units digit of o(h)?
3
Let r be 66/(-3 - -5 - 0). Suppose r = 4*h - 4*f - 11, -f = -3*h + 25. Suppose -h*q + 3*q = 3*b - 65, 2*q = b - 15. What is the units digit of b?
9
Let q(v) = 2*v**3 + 28*v**2 + 19*v - 3. What is the tens digit of q(-13)?
8
Let o be 6/(-10) - 52/(-20). Suppose 4*h - 2*h - 5*n - o = 0, n - 2 = 0. Suppose -h*x + 2*x = -48. What is the units digit of x?
2
Suppose 27 + 21 = 3*j. What is the units digit of j?
6
Let i = 5 - -4. Suppose 4*h = u + i, -2*u + h = -h. What is the units digit of u?
3
Let j(w) = -5 + 2*w**3 + 5*w**2 + 3*w**3 - 6*w**3. What is the units digit of j(4)?
1
Suppose -v = -3*z - 0*v - 6, v = -3*z. Let n = 24 + z. What is the units digit of n?
3
Suppose -3*u = -0*u - 12. Suppose 0 = -u*y - 5*x + 25, 5*y - 30 = 5*x - 10. What is the units digit of y?
5
Let x(q) = q**2 - q - 6. What is the tens digit of x(8)?
5
Let v(y) = y**3 - 13*y**2 + 4*y - 11. Let u(s) = -2*s**3 + 25*s**2 - 9*s + 21. Let g(m) = 3*u(m) + 5*v(m). What is the units digit of g(9)?
6
Let a(n) = n**2 + 6*n - 32. What is the units digit of a(9)?
3
Let k be 6/9*3 - -3. Suppose -11 = p - 3*s - 36, k*p + 2*s - 142 = 0. What is the units digit of p?
8
Suppose -q + g = -6*q + 315, 0 = -4*g. What is the units digit of q?
3
Let y(c) = -c**3 + 6*c**2 - 3*c + 8. Let q be y(6). Let g = q + 14. What is the units digit of g?
4
Let k = 1 - 0. Let g = 2 - k. Suppose -4 = -f - g. What is the units digit of f?
3
Let z = -65 - -189. What is the units digit of z?
4
Let d(m) = m**2 + m - 9. What is the tens digit of d(-8)?
4
Let u = 1 - -29. What is the tens digit of u?
3
Let a = 2 - 16. Let m = -12 - a. What is the units digit of m?
2
Let f be (5/2)/(1/2). Suppose 3*j = 2*v + 68, f = -2*v + 15. What is the units digit of j?
6
Let u = -20 + 71. What is the tens digit of u?
5
Let r = 1 + 2. Suppose r*y + p = 71, -4*y - 2*p + 94 = -p. What is the tens digit of y?
2
What is the units digit of 6480/66 - (-4)/(-22)